{"id":42,"date":"2021-07-17T10:42:05","date_gmt":"2021-07-17T10:42:05","guid":{"rendered":"https:\/\/demo.athemes.com\/botiga\/?post_type=product&#038;p=42"},"modified":"2025-10-29T20:39:15","modified_gmt":"2025-10-29T20:39:15","slug":"plakat-struktura-wlosa","status":"publish","type":"product","link":"https:\/\/trychoplakat.pl\/index.php\/produkt\/plakat-struktura-wlosa\/","title":{"rendered":"Plakat: Struktura w\u0142osa"},"content":{"rendered":"<p><span style=\"font-weight: 400;\">Zastanawia\u0142e\u015b si\u0119 kiedy\u015b w jaki spos\u00f3b umiej\u0119tnie wyt\u0142umaczy\u0107 swojemu Klientowi jak zbudowany jest w\u0142os i jaka jest jego struktura? A mo\u017ce ju\u017c spotka\u0142e\u015b si\u0119 z trudnymi pytaniami, kt\u00f3re wymagaj\u0105 d\u0142u\u017cszej dyskusji ni\u017c spotkanie podczas wizyty? Salony kosmetyczne oraz fryzjerskie bardzo cz\u0119sto musz\u0105 odpowiada\u0107 na pytania zwi\u0105zane z trychologi\u0105, a struktura w\u0142osa jest jedn\u0105 z najwa\u017cniejszych cz\u0119\u015bci takich dyskusji.\u00a0<\/span><span style=\"font-weight: 400;\"><br \/>\n<\/span><\/p>\n<p><span style=\"font-weight: 400;\">Cho\u0107 Twoja wiedza z pewno\u015bci\u0105 jest ogromna, to mo\u017cesz przekaza\u0107 j\u0105 w bardziej przyst\u0119pny spos\u00f3b ni\u017c zawi\u0142e formu\u0142y, pokazane bez widocznej formy. \u015awietnym sposobem na to b\u0119dzie prezentacja struktury na du\u017cym i bardzo zrozumia\u0142ym plakacie. W czytelnej i przyjaznej formie graficznej poka\u017ce on wszystkie elementy budowy jednego z wa\u017cniejszych element\u00f3w budowy cia\u0142a ludzkiego. <\/span><span style=\"font-weight: 400;\"><br \/>\n<\/span><span style=\"font-weight: 400;\"><br \/>\n<\/span><span style=\"font-weight: 400;\">Plakat mo\u017ce by\u0107 \u015bwietn\u0105 form\u0105 edukowania i informowania klient\u00f3w, a tak\u017ce pomoc\u0105 naukow\u0105 podczas t\u0142umaczenia Klientom zawi\u0142ych zagadnie\u0144 dotycz\u0105cych w\u0142os\u00f3w i sk\u00f3ry g\u0142owy. Postery b\u0119d\u0105 te\u017c umila\u0142y czas oczekuj\u0105cym w kolejce a ich atrakcyjna forma graficzna (przygotowana przez profesjonalnego i do\u015bwiadczonego grafika) uatrakcyjni wn\u0119trze salonu sprawi,\u00a0\u017ce\u00a0ten\u00a0b\u0119dzie\u00a0wygl\u0105da\u0142\u00a0jeszcze\u00a0bardziej\u00a0profesjonalnie.\u00a0<\/span><span style=\"font-weight: 400;\"><br \/>\n<\/span><\/p>\n<p>Plakat mo\u017ce by\u0107 wykorzystany zar\u00f3wno w gabinecie trychologicznym, jak i kosmetologicznym czy fryzjerskim. \u015awietnie sprawdzi si\u0119 w sali szkoleniowej na uczelni lub firmie, w kt\u00f3rej udukuj\u0105 si\u0119 trycholodzy. Plakat pe\u0142ni rol\u0119 informacyjn\u0105 i edukacyjn\u0105.<\/p>\n<p>Plakat w formacie B2 (50x70cm) drukowany jest na wysokiej jako\u015bci <span style=\"text-decoration: line-through;\">papierze kredowym<\/span> nab\u0142yszczanym o gramaturze 200 g.\u00a0 Taki dob\u00f3r papieru pozwala na odpowiednie uwidocznienie grafiki. Ewentualne r\u00f3\u017cnice w barwach i odcieniach wydruku mog\u0105 wynika\u0107 z indywidualnych ustawienie\u0144 monitora.<\/p>\n<p>Produkt sprzedawany jest bez ramy. Dzi\u0119ki zamieszczonym wizualizacjom chcieli\u015bmy pom\u00f3c Tobie w wyborze plakatu, kt\u00f3ry b\u0119dzie nalepiej pasowa\u0142 do Twojego wn\u0119trza. Je\u017celi potrzebujesz przyci\u0105\u0107 plakat do swojej ulubionej ramki u\u017cyj ostrego no\u017cyka do ci\u0119cia, aby nie poszarpa\u0107 papieru.<\/p>\n<p>Plakat sprzedawany jest w tubie, kt\u00f3r\u0105 przed wysy\u0142k\u0105 dok\u0142adnie zabezpieczamy foli\u0105, aby bezpiecznie dotar\u0142a do miejsca przeznaczenia.<\/p>\n<p>Jeste\u015b zainteresowany innym rozmiarem? Napisz do nas!<\/p>\n<hr \/>\n<p>Copyright 2019 by Beauty Management Sp. z o.o.<\/p>\n","protected":false},"excerpt":{"rendered":"<p>Plakat, kt\u00f3ry przedstawia struktur\u0119 w\u0142osa b\u0119dzie \u015bwietnym uzupe\u0142nieniem wizerunkowym Twojego gabinetu. Mo\u017cesz wykorzysta\u0107 go jako wsparcie podczas konsultacji z klientem.<\/p>\n<hr \/>\n<p>Zam\u00f3w przez <strong><a href=\"https:\/\/business.allegro.pl\/uzytkownik\/TrychoBM\" target=\"_blank\" rel=\"noopener\">Allegro<\/a><\/strong> lub panel B2B <strong><a href=\"https:\/\/progab.pl\/progab-hurtownia-online\" target=\"_blank\" rel=\"noopener\">PROGAB.PL<\/a><\/strong><\/p>\n","protected":false},"featured_media":733,"comment_status":"closed","ping_status":"closed","template":"","meta":[],"product_cat":[24],"product_tag":[],"_links":{"self":[{"href":"https:\/\/trychoplakat.pl\/index.php\/wp-json\/wp\/v2\/product\/42"}],"collection":[{"href":"https:\/\/trychoplakat.pl\/index.php\/wp-json\/wp\/v2\/product"}],"about":[{"href":"https:\/\/trychoplakat.pl\/index.php\/wp-json\/wp\/v2\/types\/product"}],"replies":[{"embeddable":true,"href":"https:\/\/trychoplakat.pl\/index.php\/wp-json\/wp\/v2\/comments?post=42"}],"wp:featuredmedia":[{"embeddable":true,"href":"https:\/\/trychoplakat.pl\/index.php\/wp-json\/wp\/v2\/media\/733"}],"wp:attachment":[{"href":"https:\/\/trychoplakat.pl\/index.php\/wp-json\/wp\/v2\/media?parent=42"}],"wp:term":[{"taxonomy":"product_cat","embeddable":true,"href":"https:\/\/trychoplakat.pl\/index.php\/wp-json\/wp\/v2\/product_cat?post=42"},{"taxonomy":"product_tag","embeddable":true,"href":"https:\/\/trychoplakat.pl\/index.php\/wp-json\/wp\/v2\/product_tag?post=42"}],"curies":[{"name":"wp","href":"https:\/\/api.w.org\/{rel}","templated":true}]}}

Plakat: Struktura włosa

<p><span style="font-weight: 400;">Zastanawiałeś się kiedyś w jaki sposób umiejętnie wytłumaczyć swojemu Klientowi jak zbudowany jest włos i jaka jest jego struktura? A może już spotkałeś się z trudnymi pytaniami, które wymagają dłuższej dyskusji niż spotkanie podczas wizyty? Salony kosmetyczne oraz fryzjerskie bardzo często muszą odpowiadać na pytania związane z trychologią, a struktura włosa jest jedną z najważniejszych części takich dyskusji. </span><span style="font-weight: 400;"><br />
</span></p>
<p><span style="font-weight: 400;">Choć Twoja wiedza z pewnością jest ogromna, to możesz przekazać ją w bardziej przystępny sposób niż zawiłe formuły, pokazane bez widocznej formy. Świetnym sposobem na to będzie prezentacja struktury na dużym i bardzo zrozumiałym plakacie. W czytelnej i przyjaznej formie graficznej pokaże on wszystkie elementy budowy jednego z ważniejszych elementów budowy ciała ludzkiego. </span><span style="font-weight: 400;"><br />
</span><span style="font-weight: 400;"><br />
</span><span style="font-weight: 400;">Plakat może być świetną formą edukowania i informowania klientów, a także pomocą naukową podczas tłumaczenia Klientom zawiłych zagadnień dotyczących włosów i skóry głowy. Postery będą też umilały czas oczekującym w kolejce a ich atrakcyjna forma graficzna (przygotowana przez profesjonalnego i doświadczonego grafika) uatrakcyjni wnętrze salonu sprawi, że ten będzie wyglądał jeszcze bardziej profesjonalnie. </span><span style="font-weight: 400;"><br />
</span></p>
<p>Plakat może być wykorzystany zarówno w gabinecie trychologicznym, jak i kosmetologicznym czy fryzjerskim. Świetnie sprawdzi się w sali szkoleniowej na uczelni lub firmie, w której udukują się trycholodzy. Plakat pełni rolę informacyjną i edukacyjną.</p>
<p>Plakat w formacie B2 (50x70cm) drukowany jest na wysokiej jakości <span style="text-decoration: line-through;">papierze kredowym</span> nabłyszczanym o gramaturze 200 g.  Taki dobór papieru pozwala na odpowiednie uwidocznienie grafiki. Ewentualne różnice w barwach i odcieniach wydruku mogą wynikać z indywidualnych ustawienień monitora.</p>
<p>Produkt sprzedawany jest bez ramy. Dzięki zamieszczonym wizualizacjom chcieliśmy pomóc Tobie w wyborze plakatu, który będzie nalepiej pasował do Twojego wnętrza. Jeżeli potrzebujesz przyciąć plakat do swojej ulubionej ramki użyj ostrego nożyka do cięcia, aby nie poszarpać papieru.</p>
<p>Plakat sprzedawany jest w tubie, którą przed wysyłką dokładnie zabezpieczamy folią, aby bezpiecznie dotarła do miejsca przeznaczenia.</p>
<p>Jesteś zainteresowany innym rozmiarem? Napisz do nas!</p>
<hr />
<p>Copyright 2019 by Beauty Management Sp. z o.o.</p>

<p>Plakat, który przedstawia strukturę włosa będzie świetnym uzupełnieniem wizerunkowym Twojego gabinetu. Możesz wykorzystać go jako wsparcie podczas konsultacji z klientem.</p>
<hr />
<p>Zamów przez <strong><a href="https://business.allegro.pl/uzytkownik/TrychoBM" target="_blank" rel="noopener">Allegro</a></strong> lub panel B2B <strong><a href="https://progab.pl/progab-hurtownia-online" target="_blank" rel="noopener">PROGAB.PL</a></strong></p>
