{"id":465,"date":"2023-07-28T19:17:45","date_gmt":"2023-07-28T19:17:45","guid":{"rendered":"https:\/\/plakatytrychologiczne.cfolks.pl\/?post_type=product&#038;p=465"},"modified":"2025-10-29T20:41:36","modified_gmt":"2025-10-29T20:41:36","slug":"plakat-jak-przygotowac-sie-do-wizyty-u-trychologa","status":"publish","type":"product","link":"https:\/\/trychoplakat.pl\/index.php\/produkt\/plakat-jak-przygotowac-sie-do-wizyty-u-trychologa\/","title":{"rendered":"Plakat: Jak przygotowa\u0107 si\u0119 do wizyty u trychologa?"},"content":{"rendered":"<p>&#8222;Jak przygotowa\u0107 si\u0119 do wizyty u trychologa?&#8221; &#8211; plakat, kt\u00f3ry odpowiada na jedno z najcz\u0119\u015bciej zadawanych pyta\u0144 przed wizyt\u0105 u specjalisty zajmuj\u0105cego si\u0119 schorzeniami sk\u00f3ry g\u0142owy i w\u0142osami.<\/p>\n<p>Plakat \u015bwietnie sprawdzi si\u0119 na \u015bcianach recepcji gabinetu trychologicznego, poczekalni gabinetu kosmetologicznego czy fryzjerskiego, jak i w przychodni dermatologicznej.<\/p>\n<p>Plakat pe\u0142ni rol\u0119 informacyjn\u0105 i edukacyjn\u0105. Pozwoli zaj\u0105\u0107 klienta w oczekiwaniu na konsultacj\u0119 oraz utrwali\u0107 przydatne informacje. Dzi\u0119ki dobrze przygotowanemu klientowi do wizyty, b\u0119dziesz w stanie po\u015bwieci\u0107 kilka minut wi\u0119cej na przekazanie warto\u015bciowych dla Niego informacji.<\/p>\n<p>Plakat w formacie B2 (50x70cm) zosta\u0142 wydrukowany na matowym papierze kredowym o gramaturze 150g. Taki dob\u00f3r papieru sprawi, \u017ce plakat \u015bwietnie b\u0119dzie wygl\u0105da\u0142 w ramie z szyb\u0105, jak i plexi, a tak\u017ce pozwoli na odpowiednie uwidocznienie grafiki. Ewentualne r\u00f3\u017cnice w barwach i odcieniach wydruku mog\u0105 wynika\u0107 z indywidualnych ustawienie\u0144 monitora.<\/p>\n<p>Plakat sprzedawany jest bez ramy. Dzi\u0119ki zamieszczonym wizualizacjom chcieli\u015bmy pom\u00f3c Tobie w wyborze plakatu, kt\u00f3ry b\u0119dzie najlepiej pasowa\u0142 do Twojego wn\u0119trza.<\/p>\n<p>Plakat sprzedawany jest w tubie, kt\u00f3r\u0105 przed wysy\u0142k\u0105 dok\u0142adnie zabezpieczamy foli\u0105, aby bezpiecznie dotar\u0142a do miejsca przeznaczenia.<\/p>\n<p>Jeste\u015b zainteresowany innym rozmiarem? Napisz do nas!<\/p>\n<hr \/>\n<p>Copyright 2022 by Beauty Management Sp. z o.o.<\/p>\n","protected":false},"excerpt":{"rendered":"<p>Idealny plakat do poczekalni w Twoim gabinecie trychologicznym. Tre\u015b\u0107 pozwoli Twoim Klientom dowiedzie\u0107 si\u0119 jak przygotowa\u0107 si\u0119 do wizyty i utrwali\u0107 te informacje podczas kolejnych. Ciekawa infografika nie pozwoli nudzi\u0107 si\u0119 Twoim klientom w oczekiwaniu na konsultacj\u0119.<\/p>\n<hr \/>\n<p>Zam\u00f3w przez <strong><a href=\"https:\/\/business.allegro.pl\/uzytkownik\/TrychoBM\" target=\"_blank\" rel=\"noopener\">Allegro<\/a><\/strong> lub panel B2B <strong><a href=\"https:\/\/progab.pl\/progab-hurtownia-online\" target=\"_blank\" rel=\"noopener\">PROGAB.PL<\/a><\/strong><\/p>\n","protected":false},"featured_media":466,"comment_status":"open","ping_status":"closed","template":"","meta":[],"product_cat":[25],"product_tag":[26,27,29],"_links":{"self":[{"href":"https:\/\/trychoplakat.pl\/index.php\/wp-json\/wp\/v2\/product\/465"}],"collection":[{"href":"https:\/\/trychoplakat.pl\/index.php\/wp-json\/wp\/v2\/product"}],"about":[{"href":"https:\/\/trychoplakat.pl\/index.php\/wp-json\/wp\/v2\/types\/product"}],"replies":[{"embeddable":true,"href":"https:\/\/trychoplakat.pl\/index.php\/wp-json\/wp\/v2\/comments?post=465"}],"wp:featuredmedia":[{"embeddable":true,"href":"https:\/\/trychoplakat.pl\/index.php\/wp-json\/wp\/v2\/media\/466"}],"wp:attachment":[{"href":"https:\/\/trychoplakat.pl\/index.php\/wp-json\/wp\/v2\/media?parent=465"}],"wp:term":[{"taxonomy":"product_cat","embeddable":true,"href":"https:\/\/trychoplakat.pl\/index.php\/wp-json\/wp\/v2\/product_cat?post=465"},{"taxonomy":"product_tag","embeddable":true,"href":"https:\/\/trychoplakat.pl\/index.php\/wp-json\/wp\/v2\/product_tag?post=465"}],"curies":[{"name":"wp","href":"https:\/\/api.w.org\/{rel}","templated":true}]}}