{"id":601,"date":"2023-08-06T20:24:30","date_gmt":"2023-08-06T20:24:30","guid":{"rendered":"https:\/\/plakatytrychologiczne.cfolks.pl\/?post_type=product&#038;p=601"},"modified":"2025-10-29T20:41:55","modified_gmt":"2025-10-29T20:41:55","slug":"plakat-anatomia-wlosa-plaw02","status":"publish","type":"product","link":"https:\/\/trychoplakat.pl\/index.php\/produkt\/plakat-anatomia-wlosa-plaw02\/","title":{"rendered":"Plakat: Anatomia w\u0142osa"},"content":{"rendered":"<p>Plakat, kt\u00f3ry ozdobi wn\u0119trze Twojego gabinetu i sprawi, \u017ce b\u0119dzie profesjonalnie wygl\u0105da\u0142. Skupia si\u0119 na podstawowych zagadnieniach zwi\u0105zanych z anatomi\u0105 w\u0142osa. Mo\u017ce by\u0107 wykorzystany zar\u00f3wno w gabinecie trychologicznym, jak i kosmetologicznym czy fryzjerskim. Plakat pe\u0142ni rol\u0119 informacyjn\u0105 i edukacyjn\u0105.<\/p>\n<p>Plakat w formacie B2 (50x70cm) drukowany jest na wysokiej jako\u015bci papierze kredowym nab\u0142yszczanym o gramaturze 200 g.\u00a0 Taki dob\u00f3r papieru pozwala na odpowiednie uwidocznienie grafiki. Ewentualne r\u00f3\u017cnice w barwach i odcieniach wydruku mog\u0105 wynika\u0107 z indywidualnych ustawienie\u0144 monitora.<\/p>\n<p>Produkt sprzedawany jest bez ramy. Dzi\u0119ki zamieszczonym wizualizacjom chcieli\u015bmy pom\u00f3c Tobie w wyborze plakatu, kt\u00f3ry b\u0119dzie nalepiej pasowa\u0142 do Twojego wn\u0119trza.<\/p>\n<p>Plakat sprzedawany jest w tubie, kt\u00f3r\u0105 przed wysy\u0142k\u0105 dok\u0142adnie zabezpieczamy foli\u0105, aby bezpiecznie dotar\u0142a do miejsca przeznaczenia.<\/p>\n<p>Jeste\u015b zainteresowany innym rozmiarem? Napisz do nas!<\/p>\n<hr \/>\n<p>Copyright 2019 by Beauty Management Sp. z o.o.<\/p>\n","protected":false},"excerpt":{"rendered":"<p>Plakat, kt\u00f3ry ozdobi wn\u0119trze Twojego gabinetu i sprawi, \u017ce b\u0119dzie profesjonalnie wygl\u0105da\u0142. Skupia si\u0119 na podstawowych zagadnieniach zwi\u0105zanych z anatomi\u0105 w\u0142osa. Mo\u017ce by\u0107 wykorzystany zar\u00f3wno w gabinecie trychologicznym, jak i kosmetologicznym czy fryzjerskim. Plakat pe\u0142ni rol\u0119 informacyjn\u0105 i edukacyjn\u0105.<\/p>\n<hr \/>\n<p>Zam\u00f3w przez <strong><a href=\"https:\/\/business.allegro.pl\/uzytkownik\/TrychoBM\" target=\"_blank\" rel=\"noopener\">Allegro<\/a><\/strong> lub panel B2B <strong><a href=\"https:\/\/progab.pl\/progab-hurtownia-online\" target=\"_blank\" rel=\"noopener\">PROGAB.PL<\/a><\/strong><\/p>\n","protected":false},"featured_media":724,"comment_status":"closed","ping_status":"closed","template":"","meta":[],"product_cat":[24],"product_tag":[],"_links":{"self":[{"href":"https:\/\/trychoplakat.pl\/index.php\/wp-json\/wp\/v2\/product\/601"}],"collection":[{"href":"https:\/\/trychoplakat.pl\/index.php\/wp-json\/wp\/v2\/product"}],"about":[{"href":"https:\/\/trychoplakat.pl\/index.php\/wp-json\/wp\/v2\/types\/product"}],"replies":[{"embeddable":true,"href":"https:\/\/trychoplakat.pl\/index.php\/wp-json\/wp\/v2\/comments?post=601"}],"wp:featuredmedia":[{"embeddable":true,"href":"https:\/\/trychoplakat.pl\/index.php\/wp-json\/wp\/v2\/media\/724"}],"wp:attachment":[{"href":"https:\/\/trychoplakat.pl\/index.php\/wp-json\/wp\/v2\/media?parent=601"}],"wp:term":[{"taxonomy":"product_cat","embeddable":true,"href":"https:\/\/trychoplakat.pl\/index.php\/wp-json\/wp\/v2\/product_cat?post=601"},{"taxonomy":"product_tag","embeddable":true,"href":"https:\/\/trychoplakat.pl\/index.php\/wp-json\/wp\/v2\/product_tag?post=601"}],"curies":[{"name":"wp","href":"https:\/\/api.w.org\/{rel}","templated":true}]}}

Plakat: Anatomia włosa

<p>Plakat, który ozdobi wnętrze Twojego gabinetu i sprawi, że będzie profesjonalnie wyglądał. Skupia się na podstawowych zagadnieniach związanych z anatomią włosa. Może być wykorzystany zarówno w gabinecie trychologicznym, jak i kosmetologicznym czy fryzjerskim. Plakat pełni rolę informacyjną i edukacyjną.</p>
<p>Plakat w formacie B2 (50x70cm) drukowany jest na wysokiej jakości papierze kredowym nabłyszczanym o gramaturze 200 g.  Taki dobór papieru pozwala na odpowiednie uwidocznienie grafiki. Ewentualne różnice w barwach i odcieniach wydruku mogą wynikać z indywidualnych ustawienień monitora.</p>
<p>Produkt sprzedawany jest bez ramy. Dzięki zamieszczonym wizualizacjom chcieliśmy pomóc Tobie w wyborze plakatu, który będzie nalepiej pasował do Twojego wnętrza.</p>
<p>Plakat sprzedawany jest w tubie, którą przed wysyłką dokładnie zabezpieczamy folią, aby bezpiecznie dotarła do miejsca przeznaczenia.</p>
<p>Jesteś zainteresowany innym rozmiarem? Napisz do nas!</p>
<hr />
<p>Copyright 2019 by Beauty Management Sp. z o.o.</p>

<p>Plakat, który ozdobi wnętrze Twojego gabinetu i sprawi, że będzie profesjonalnie wyglądał. Skupia się na podstawowych zagadnieniach związanych z anatomią włosa. Może być wykorzystany zarówno w gabinecie trychologicznym, jak i kosmetologicznym czy fryzjerskim. Plakat pełni rolę informacyjną i edukacyjną.</p>
<hr />
<p>Zamów przez <strong><a href="https://business.allegro.pl/uzytkownik/TrychoBM" target="_blank" rel="noopener">Allegro</a></strong> lub panel B2B <strong><a href="https://progab.pl/progab-hurtownia-online" target="_blank" rel="noopener">PROGAB.PL</a></strong></p>
