{"id":763,"date":"2023-09-15T15:11:44","date_gmt":"2023-09-15T15:11:44","guid":{"rendered":"https:\/\/plakatytrychologiczne.cfolks.pl\/?post_type=product&#038;p=763"},"modified":"2025-10-29T20:43:55","modified_gmt":"2025-10-29T20:43:55","slug":"stand-a3-fazy-wzrostu-wlosa","status":"publish","type":"product","link":"https:\/\/trychoplakat.pl\/index.php\/produkt\/stand-a3-fazy-wzrostu-wlosa\/","title":{"rendered":"STAND A3 &#8211; Fazy wzrostu w\u0142osa"},"content":{"rendered":"<p>Stand kartonowy z n\u00f3\u017ck\u0105 z grafik\u0105 przedstawiaj\u0105c\u0105 Fazy wzrostu w\u0142osa, kt\u00f3ry obrazowo pokazuje jak przebiega proces wzrostu w\u0142osa w trzech g\u0142\u00f3wnych fazach: anagenie, katagenie i telogenie.<\/p>\n<p>Stand zosta\u0142 przygotowany w rozmiarze A3 (290&#215;420 mm), co pozwala na jego wygodne postawienie na biurku czy komodzie. Nie wymaga dodatkowej oprawy w formie ramki.<\/p>\n<p>Stand kartonowy na n\u00f3\u017cce powsta\u0142 na \u017cyczenie kilku trycholo\u017cek i pokazali\u015bmy go na XiV Konferencji Trychologicznej. Sprzeda\u017c ograniczona ilo\u015bciowo, do wyczerpania zapasu.<\/p>\n<p>Nie chcesz standu z n\u00f3\u017ck\u0105? Zobacz plakat w formacie B2<\/p>\n","protected":false},"excerpt":{"rendered":"<p>Stand kartonowy z n\u00f3\u017ck\u0105 z grafik\u0105 przedstawiaj\u0105c\u0105 Fazy wzrostu w\u0142osa, kt\u00f3ry obrazowo pokazuje jak przebiega proces wzrostu w\u0142osa w trzech g\u0142\u00f3wnych fazach: anagenie, katagenie i telogenie.<\/p>\n<hr \/>\n<p>Zam\u00f3w przez <strong><a href=\"https:\/\/business.allegro.pl\/uzytkownik\/TrychoBM\" target=\"_blank\" rel=\"noopener\">Allegro<\/a><\/strong> lub panel B2B <strong><a href=\"https:\/\/progab.pl\/progab-hurtownia-online\" target=\"_blank\" rel=\"noopener\">PROGAB.PL<\/a><\/strong><\/p>\n","protected":false},"featured_media":766,"comment_status":"closed","ping_status":"closed","template":"","meta":[],"product_cat":[24],"product_tag":[],"_links":{"self":[{"href":"https:\/\/trychoplakat.pl\/index.php\/wp-json\/wp\/v2\/product\/763"}],"collection":[{"href":"https:\/\/trychoplakat.pl\/index.php\/wp-json\/wp\/v2\/product"}],"about":[{"href":"https:\/\/trychoplakat.pl\/index.php\/wp-json\/wp\/v2\/types\/product"}],"replies":[{"embeddable":true,"href":"https:\/\/trychoplakat.pl\/index.php\/wp-json\/wp\/v2\/comments?post=763"}],"wp:featuredmedia":[{"embeddable":true,"href":"https:\/\/trychoplakat.pl\/index.php\/wp-json\/wp\/v2\/media\/766"}],"wp:attachment":[{"href":"https:\/\/trychoplakat.pl\/index.php\/wp-json\/wp\/v2\/media?parent=763"}],"wp:term":[{"taxonomy":"product_cat","embeddable":true,"href":"https:\/\/trychoplakat.pl\/index.php\/wp-json\/wp\/v2\/product_cat?post=763"},{"taxonomy":"product_tag","embeddable":true,"href":"https:\/\/trychoplakat.pl\/index.php\/wp-json\/wp\/v2\/product_tag?post=763"}],"curies":[{"name":"wp","href":"https:\/\/api.w.org\/{rel}","templated":true}]}}